{"id":37,"date":"2020-11-25T07:55:05","date_gmt":"2020-11-25T07:55:05","guid":{"rendered":"https:\/\/www.sugkurier.de\/?page_id=37"},"modified":"2022-02-24T19:53:42","modified_gmt":"2022-02-24T18:53:42","slug":"home","status":"publish","type":"page","link":"https:\/\/www.sugkurier.de\/","title":{"rendered":"\u00fcber uns"},"content":{"rendered":"\n<h2 class=\"has-text-align-center has-white-background-color has-text-color has-background wp-block-heading\" id=\"spree-unternehmensservice-gmbh-sug\" style=\"color:#06476c\">Spree Unternehmensservice GmbH (SUG)<\/h2>\n\n\n\n<p class=\"has-normal-font-size\">Wir bieten Ihnen den Transport mit <strong>Fahrradkurieren<\/strong>, <strong>Lastenfahrr\u00e4der, PKWs, Kombis, Transporter, Transporter mit Ladebordwand und LKWs<\/strong> an, um Ihre Briefe, P\u00e4ckchen, Pakete, Paletten usw. schnellstm\u00f6glich an Ihren Bestimmungsort zu bringen.<\/p>\n\n\n\n<p class=\"has-normal-font-size\">Unser Leistungsspektrum umfasst auch den professionellen Transport von <strong>Kunstobjekten <\/strong>aller Art.<\/p>\n\n\n\n<p class=\"has-normal-font-size\">Um dies zu erm\u00f6glichen haben wir den Gro\u00dfteil unserer Fahrzeuge speziell mit einem Sortimo \u2013 <strong>Stangensystem <\/strong>ausstatten lassen, welches die sichere Fixierung der wertvollen und empfindlichen Fracht gew\u00e4hrleistet.<\/p>\n\n\n\n<p class=\"has-normal-font-size\">Erfahrene SUG-Kuriere nehmen sich gern Ihrer <strong>Kunst <\/strong>aller Art an und bringen diese sicher an den Bestimmungsort.<\/p>\n\n\n\n<div style=\"height:20px\" aria-hidden=\"true\" class=\"wp-block-spacer\"><\/div>\n\n\n\n<p><\/p>\n\n\n\n<p class=\"has-text-color has-normal-font-size\" style=\"color:#ff7f26\"><strong>Bei Fragen kontaktieren Sie uns.<\/strong><\/p>\n\n\n\n<div class=\"wp-block-buttons is-layout-flex wp-block-buttons-is-layout-flex\">\n<div class=\"wp-block-button is-style-fill\"><a class=\"wp-block-button__link has-white-color has-text-color has-background\" href=\"https:\/\/www.sugkurier.de\/?page_id=9\" style=\"background-color:#1490d7\">Kontakt<\/a><\/div>\n<\/div>\n\n\n\n<p><\/p>\n","protected":false},"excerpt":{"rendered":"<p>Spree Unternehmensservice GmbH (SUG) Wir bieten Ihnen den Transport mit Fahrradkurieren, Lastenfahrr\u00e4der, PKWs, Kombis, Transporter, Transporter mit Ladebordwand und LKWs an, um Ihre Briefe, P\u00e4ckchen, Pakete, Paletten usw. schnellstm\u00f6glich an Ihren Bestimmungsort zu bringen. Unser Leistungsspektrum umfasst auch den professionellen Transport von Kunstobjekten aller Art. Um dies zu erm\u00f6glichen haben wir den Gro\u00dfteil unserer Fahrzeuge [&hellip;]<\/p>\n","protected":false},"author":1,"featured_media":0,"parent":0,"menu_order":0,"comment_status":"closed","ping_status":"closed","template":"","meta":{"footnotes":""},"class_list":["post-37","page","type-page","status-publish","hentry"],"_links":{"self":[{"href":"https:\/\/www.sugkurier.de\/index.php?rest_route=\/wp\/v2\/pages\/37","targetHints":{"allow":["GET"]}}],"collection":[{"href":"https:\/\/www.sugkurier.de\/index.php?rest_route=\/wp\/v2\/pages"}],"about":[{"href":"https:\/\/www.sugkurier.de\/index.php?rest_route=\/wp\/v2\/types\/page"}],"author":[{"embeddable":true,"href":"https:\/\/www.sugkurier.de\/index.php?rest_route=\/wp\/v2\/users\/1"}],"replies":[{"embeddable":true,"href":"https:\/\/www.sugkurier.de\/index.php?rest_route=%2Fwp%2Fv2%2Fcomments&post=37"}],"version-history":[{"count":45,"href":"https:\/\/www.sugkurier.de\/index.php?rest_route=\/wp\/v2\/pages\/37\/revisions"}],"predecessor-version":[{"id":733,"href":"https:\/\/www.sugkurier.de\/index.php?rest_route=\/wp\/v2\/pages\/37\/revisions\/733"}],"wp:attachment":[{"href":"https:\/\/www.sugkurier.de\/index.php?rest_route=%2Fwp%2Fv2%2Fmedia&parent=37"}],"curies":[{"name":"wp","href":"https:\/\/api.w.org\/{rel}","templated":true}]}}